{"id":192,"date":"2017-12-18T13:47:43","date_gmt":"2017-12-18T12:47:43","guid":{"rendered":"http:\/\/www.valdelanef.com\/V2\/?page_id=192"},"modified":"2018-05-20T15:55:45","modified_gmt":"2018-05-20T13:55:45","slug":"nous","status":"publish","type":"page","link":"https:\/\/www.valdelanef.com\/V2\/nous\/","title":{"rendered":"Nous"},"content":{"rendered":"<blockquote><p>Qui sommes-nous ?<\/p><\/blockquote>\n<p>Au-del\u00e0 d\u2019une maison, c\u2019est un rythme de vie et une aventure que Corinne et Sylvestre ont eu envie de partager. Vivre selon les saisons, profiter de la for\u00eat, du jardin et de ce qu\u2019il procure, choisir une autonomie de vie mais aussi la curiosit\u00e9 et le plaisir des rencontres et des d\u00e9couvertes ont \u00e9t\u00e9 \u00e0 la base de leur d\u00e9marche.<\/p>\n<p>Corinne, originaire de la r\u00e9gion, et Sylvestre, passionn\u00e9 par son histoire et par la richesse de son patrimoine, ont trouv\u00e9 ce lieu atypique, particuli\u00e8rement paisible, et cet ancien relais de chasse \u00e0 r\u00e9nover. Ils ont retrouss\u00e9 leurs manches, laiss\u00e9 galoper leur imagination, pris leurs quatre filles sous le bras et l\u2019aventure a commenc\u00e9\u2026<\/p>\n<p>&nbsp;<\/p>\n<p><img decoding=\"async\" class=\"wp-image-195 size-full alignleft\" src=\"https:\/\/www.valdelanef.com\/V2\/wp-content\/uploads\/2017\/12\/nous.jpg\" alt=\"\" width=\"45%\" height=\"100%\" srcset=\"https:\/\/www.valdelanef.com\/V2\/wp-content\/uploads\/2017\/12\/nous.jpg 942w, https:\/\/www.valdelanef.com\/V2\/wp-content\/uploads\/2017\/12\/nous-300x120.jpg 300w, https:\/\/www.valdelanef.com\/V2\/wp-content\/uploads\/2017\/12\/nous-768x307.jpg 768w\" sizes=\"(max-width: 942px) 100vw, 942px\" \/><img decoding=\"async\" class=\"wp-image-197 size-full alignright\" src=\"https:\/\/www.valdelanef.com\/V2\/wp-content\/uploads\/2017\/12\/grand-val.jpg\" alt=\"\" width=\"45%\" height=\"100%\" srcset=\"https:\/\/www.valdelanef.com\/V2\/wp-content\/uploads\/2017\/12\/grand-val.jpg 942w, https:\/\/www.valdelanef.com\/V2\/wp-content\/uploads\/2017\/12\/grand-val-300x120.jpg 300w, https:\/\/www.valdelanef.com\/V2\/wp-content\/uploads\/2017\/12\/grand-val-768x307.jpg 768w\" sizes=\"(max-width: 942px) 100vw, 942px\" \/><\/p>\n","protected":false},"excerpt":{"rendered":"<p>Qui sommes-nous ? Au-del\u00e0 d\u2019une maison, c\u2019est un rythme de vie et une aventure que Corinne et Sylvestre ont eu envie de partager. Vivre selon&hellip;<\/p>\n","protected":false},"author":1,"featured_media":0,"parent":0,"menu_order":0,"comment_status":"closed","ping_status":"closed","template":"","meta":{"footnotes":""},"_links":{"self":[{"href":"https:\/\/www.valdelanef.com\/V2\/wp-json\/wp\/v2\/pages\/192"}],"collection":[{"href":"https:\/\/www.valdelanef.com\/V2\/wp-json\/wp\/v2\/pages"}],"about":[{"href":"https:\/\/www.valdelanef.com\/V2\/wp-json\/wp\/v2\/types\/page"}],"author":[{"embeddable":true,"href":"https:\/\/www.valdelanef.com\/V2\/wp-json\/wp\/v2\/users\/1"}],"replies":[{"embeddable":true,"href":"https:\/\/www.valdelanef.com\/V2\/wp-json\/wp\/v2\/comments?post=192"}],"version-history":[{"count":16,"href":"https:\/\/www.valdelanef.com\/V2\/wp-json\/wp\/v2\/pages\/192\/revisions"}],"predecessor-version":[{"id":361,"href":"https:\/\/www.valdelanef.com\/V2\/wp-json\/wp\/v2\/pages\/192\/revisions\/361"}],"wp:attachment":[{"href":"https:\/\/www.valdelanef.com\/V2\/wp-json\/wp\/v2\/media?parent=192"}],"curies":[{"name":"wp","href":"https:\/\/api.w.org\/{rel}","templated":true}]}}

<blockquote><p>Qui sommes-nous ?</p></blockquote>
<p>Au-delà d’une maison, c’est un rythme de vie et une aventure que Corinne et Sylvestre ont eu envie de partager. Vivre selon les saisons, profiter de la forêt, du jardin et de ce qu’il procure, choisir une autonomie de vie mais aussi la curiosité et le plaisir des rencontres et des découvertes ont été à la base de leur démarche.</p>
<p>Corinne, originaire de la région, et Sylvestre, passionné par son histoire et par la richesse de son patrimoine, ont trouvé ce lieu atypique, particulièrement paisible, et cet ancien relais de chasse à rénover. Ils ont retroussé leurs manches, laissé galoper leur imagination, pris leurs quatre filles sous le bras et l’aventure a commencé…</p>
<p>&nbsp;</p>
<p><img decoding="async" class="wp-image-195 size-full alignleft" src="https://www.valdelanef.com/V2/wp-content/uploads/2017/12/nous.jpg" alt="" width="45%" height="100%" srcset="https://www.valdelanef.com/V2/wp-content/uploads/2017/12/nous.jpg 942w, https://www.valdelanef.com/V2/wp-content/uploads/2017/12/nous-300x120.jpg 300w, https://www.valdelanef.com/V2/wp-content/uploads/2017/12/nous-768x307.jpg 768w" sizes="(max-width: 942px) 100vw, 942px" /><img decoding="async" class="wp-image-197 size-full alignright" src="https://www.valdelanef.com/V2/wp-content/uploads/2017/12/grand-val.jpg" alt="" width="45%" height="100%" srcset="https://www.valdelanef.com/V2/wp-content/uploads/2017/12/grand-val.jpg 942w, https://www.valdelanef.com/V2/wp-content/uploads/2017/12/grand-val-300x120.jpg 300w, https://www.valdelanef.com/V2/wp-content/uploads/2017/12/grand-val-768x307.jpg 768w" sizes="(max-width: 942px) 100vw, 942px" /></p>

<p>Qui sommes-nous ? Au-delà d’une maison, c’est un rythme de vie et une aventure que Corinne et Sylvestre ont eu envie de partager. Vivre selon&hellip;</p>
